s divided by 5.
4
Suppose 5*t - 6*t = -5. Let a = t - 3. What is the remainder when a is divided by 1?
0
Let a be (-8)/(-52) + 228/39. Suppose s + a = 11. What is the remainder when s is divided by 4?
1
Suppose 4*f - 38 = 10. What is the remainder when 34 is divided by f?
10
Let i = 2 + 0. Let a = 4 + 12. What is the remainder when 47 + i*(-2)/4 is divided by a?
14
Suppose 2*l - 4*f + 84 = 6*l, -4*l - 3*f = -88. Let j = l - 7. Calculate the remainder when j is divided by 10.
8
Suppose 0 = -3*w + 2*x - 6*x + 113, 4*w - 2*x - 136 = 0. Suppose 10 = -2*n, -w = -0*t - 5*t + 4*n. Calculate the remainder when 7 is divided by t.
1
Suppose 7*d - 28 = 5*d. Calculate the remainder when 25 is divided by d.
11
What is the remainder when (76/4 - -4) + 0 is divided by (-39)/(-5) - (-2)/10?
7
Let d be (-16)/12 + 2/6. Let a be d + (-1 - -6) + -2. Suppose -4*n = 4*q - 0 - 16, 4*q - a*n = 16. What is the remainder when 11 is divided by q?
3
Let r = 121 - 74. What is the remainder when r is divided by 10?
7
Let d(a) = 11*a + 1. Suppose -14 = -2*r - 3*k, -5*r - k - 2*k = -17. Let q be d(r). Calculate the remainder when 15 is divided by (6/3)/(3/q).
7
Suppose 5*v = 5*h + 10, 5*v - 2*h = v + 18. Suppose -3*q = f + 9, -f - 4*q = 2*f + v. Calculate the remainder when 7 is divided by f.
1
Let w = 51 - 42. Let s = -23 + 56. What is the remainder when s is divided by w?
6
Suppose 0 = 4*a - 6 - 6. Let k = a - -5. Suppose f - j = -2*j + k, 4*j = 5*f - 58. Calculate the remainder when 28 is divided by f.
8
Let r = 174 - 80. Calculate the remainder when r is divided by 19.
18
Calculate the remainder when 49 is divided by ((-7)/21)/((-2)/78).
10
Let y = -6 + 29. What is the remainder when y is divided by 12?
11
Suppose 21 + 15 = 3*l. What is the remainder when 22 is divided by l?
10
Let y(o) = 64*o + 5. What is the remainder when y(3) is divided by 40?
37
Let w(r) = -r**2 - 11*r + 2. Let n be w(-11). Let v be n*6*(-18)/(-8). Suppose 2*a + a - v = 0. What is the remainder when 25 is divided by a?
7
Suppose 5*y - m = m + 144, 2*y - m = 58. Calculate the remainder when y is divided by 16.
12
Let q be ((-2)/4 + 1)*6. Let d(o) = o**3 + o**2 - o - 1. What is the remainder when d(q) is divided by 17?
15
Let z(t) = t**2 + 5*t + 7. Calculate the remainder when 4 is divided by z(-3).
0
Let j(c) = c**3 + 7*c**2 - 4*c - 3. Calculate the remainder when j(-4) is divided by ((-116)/87)/(8/(-126)).
19
Suppose 6*c + 5 = -5*j + 2*c, 0 = -j + 3*c - 20. Let b(a) = 1 - a + 6 + 0*a. What is the remainder when 35 is divided by b(j)?
11
Let r = 11 - 2. Suppose 3*u - 6 = 6. What is the remainder when r is divided by u?
1
Suppose -2*u + g = -158, 4*g - 3*g = -u + 76. Calculate the remainder when u is divided by 16.
14
Let p = -18 + 12. Let b be 5/((-15)/p) + -2. Let h(d) = d**3 + d**2 + d + 9. What is the remainder when 17 is divided by h(b)?
8
Let r = -13 + 21. Suppose -27 = -3*v + 4*g, 0 = 2*g + 6. What is the remainder when r is divided by v?
3
Suppose 0 = 2*b, 0 = -2*i - 6*b + 3*b + 2. What is the remainder when i is divided by 1/(-3)*3*-1?
0
Let w = -22 - -84. What is the remainder when w is divided by 32?
30
Calculate the remainder when 33 is divided by (2/(-4))/(10/(-140)).
5
Let y(z) = 5*z - 6. Suppose -2*x + 86 = -70. Suppose 5*f - 3*f = x. Calculate the remainder when f is divided by y(4).
11
Let k = -10 + 19. Suppose -2*d + 3 = k. Calculate the remainder when (1*d)/((-12)/28) is divided by 3.
1
Suppose 30 = 3*g + 2*g. What is the remainder when 22 is divided by g?
4
Let x = 37 + -18. Calculate the remainder when 54 is divided by x.
16
Let h(f) = 72*f**3 - f**2 - 2*f - 1. Let n be h(-1). Let a = -51 - n. Let i = -13 - -53. What is the remainder when i is divided by a?
19
Suppose l + 3*l - 164 = 0. Let z = 8 - 15. Calculate the remainder when l is divided by 14/z - 16/(-1).
13
Let t be -2 - (1 - (-3 - -9)). Suppose 2*p = -2*i + 8, -20 = -3*p + 2*i - t*i. What is the remainder when 30 is divided by p?
6
Suppose 2*f + 0*f = 0. Suppose 116 = 4*r + 4*i, 5*i = -f*r + 2*r - 30. Calculate the remainder when r is divided by 13.
12
Suppose 0 = -x - z + 28, -5*z + 2 - 37 = -2*x. Calculate the remainder when 47 is divided by x.
22
Let b = -10 - -18. Calculate the remainder when 11 is divided by b.
3
Suppose 9*f - 182 = -4*f. What is the remainder when f is divided by (-1)/((-1)/8*2)?
2
Suppose 0 = 5*z - 155 - 155. Suppose 0*m = 3*m - 63. Calculate the remainder when z is divided by m.
20
Calculate the remainder when (-59)/((-2)/2) + 4 + -1 is divided by 19.
5
Calculate the remainder when (6/4)/(12/256) is divided by 17.
15
Suppose -a + 20 = -3*o + 8*o, 0 = a - 2*o - 13. Let s = 27 - a. What is the remainder when s is divided by 7?
5
Let f be 1 - 130/(0 - -2). Let o = 94 + f. Calculate the remainder when o is divided by (-69)/(-23) - ((-6 - 0) + 1).
6
Let i = 139 + -31. Suppose 3*j = -3*a + 180, -2*j + 0*j - 5*a + i = 0. Let y = -2 - -24. Calculate the remainder when j is divided by y.
20
Suppose -5*m = -20, 0 = -w + 2*m - 30 - 21. Let l = w + 75. Suppose -h + 5 + 6 = 0. Calculate the remainder when l is divided by h.
10
What is the remainder when 17 is divided by 12/15 - 153/(-15)?
6
Let g(d) = 8*d**2 + 2*d + 1. Let f be g(2). Let p = f + -71. Let r = 55 + p. Calculate the remainder when r is divided by 11.
10
Suppose 0 = -3*f + 4*g + 18, 2 = -2*f - 2*g. Suppose -2*a - 66 = 4*w - 168, f*a + 13 = w. Let s(r) = -r + 3. Calculate the remainder when w is divided by s(-9).
11
Let h = 11 - 2. Calculate the remainder when 16 is divided by h.
7
What is the remainder when (-6)/(1 + 9/(-7)) is divided by 8?
5
Let d(n) be the first derivative of n**3/3 + 4*n**2 + 11*n + 2. Let x(w) = -2*w**2 + w + 2. Let i be x(-2). What is the remainder when 31 is divided by d(i)?
9
Suppose -k - 76 = -5*g + k, 3*g = k + 46. Calculate the remainder when 30 is divided by g.
14
Suppose 0 = -2*i - 3*i + 140. What is the remainder when i is divided by 15?
13
Calculate the remainder when 20 is divided by 5/(15/14)*(-6)/(-4).
6
What is the remainder when 115 is divided by -3 - -35 - 1 - (5 - 3)?
28
Suppose -4*x - 28 = -352. Suppose 5*z = -1 + x. What is the remainder when 29 is divided by z?
13
Let c = 23 + -7. Calculate the remainder when 78 is divided by c.
14
Suppose 0 = -2*s + 2. Calculate the remainder when 59 is divided by 2 + (57/3 - s).
19
Suppose -5*v - 5*w = -20, 5*v + 38 = 2*w + 93. Calculate the remainder when v is divided by 6.
3
Suppose 0 = -4*i + 21 + 35. Let o(p) = 3*p**2 + 7*p - 22. Calculate the remainder when o(4) is divided by i.
12
Let x = 50 + -39. Calculate the remainder when 19 is divided by x.
8
Let c(w) = -91*w + 5. Let m be c(-4). Suppose 4*l - 291 = -v, -5*l + 2*v + 2*v = -m. Calculate the remainder when l is divided by 19.
16
Let g be (-6)/(-10) + 736/40. Suppose -2*t = -5*r + 10 + g, 0 = 2*r + t - 17. What is the remainder when 26 is divided by r?
5
Suppose -2*k + 235 = 3*k. Calculate the remainder when k is divided by 24.
23
Suppose 0 = -2*h + 5*d - 147, -75 + 5 = h + d. Let u = h + 108. Calculate the remainder when u is divided by 10.
7
Let i(w) = w**3 - 7*w**2 + 2*w - 6. Let j be i(6). Let g = j + 47. Calculate the remainder when 49 is divided by g.
15
Let f(l) = -75*l**3 + 2*l**2 + l. Let t be f(-1). Let b = -22 + 46. Suppose t - b = 4*h. Calculate the remainder when h is divided by 5.
3
Let j(p) = -p**3 - 7*p**2 - 8*p - 7. Let x be j(-6). Suppose 0*t = x*t - 80. Suppose 0*f = 4*f - 120. What is the remainder when f is divided by t?
14
Let c(d) = d**2. Suppose 1 + 5 = 2*h, -k - 3*h + 8 = 0. Let a be c(k). Calculate the remainder when 1*(48 + 0 - a) is divided by 16.
15
Let f(o) = o + 2. What is the remainder when 8 is divided by f(1)?
2
Suppose 0 = -z - 5*r + 2, 0 = 3*z + r - 4*r - 6. Suppose -l - z = 2. What is the remainder when ((-3)/4)/(1/l) is divided by 2?
1
Let a(h) be the second derivative of h**3/6 + h**2/2 + 4*h. Calculate the remainder when 26 is divided by a(8).
8
Suppose 5*x + 0*x - 215 = 0. What is the remainder when x is divided by 11?
10
Suppose 2*q = q. Suppose q = -4*z + 5 + 3. Suppose z*v = -0 + 10. What is the remainder when v is divided by 2?
1
Let k(n) = 9*n**2 + 1. Let l(z) = 3*z**2 + 3*z. Let p(w) = 2*w**2 + 2*w. Let j(t) = 5*l(t) - 7*p(t). Calculate the remainder when k(1) 